 + 11. Let u be 9/2*(26 - (-1888)/(-72)). Determine b(u).
-13
Let u = 5 - -19. Let j = u + -22. Let k(n) = j*n - n**2 - 1 - 5*n - 2 + 0*n. Calculate k(-2).
-1
Let b(g) = -2865*g - 45*g**2 + 5708*g - g**3 - 2884*g + 142. Determine b(-44).
10
Let l(c) = -c**2 - 6*c + 7. Let y = -89 - -118. Suppose -71 = 7*b - y. Let m be l(b). Let d(j) = -2*j + 8. Determine d(m).
-6
Let r be 496/(-72) + 7 - (-120)/(-108). Let a(s) = 6*s**3 + 3*s**2 + 5*s + 3. Give a(r).
-5
Let k(q) = 2*q**3 - q**2 - q. Let o(d) = -d**2 + 11*d - 62. Let u be o(0). Let w = u - -64. Calculate k(w).
10
Let n(b) = -22 + 14 - 6*b - 98 + 42. What is n(-8)?
-16
Let s(q) = -4*q - 3 - 3*q**2 + q**2 - 4*q**2. Let n(r) be the first derivative of 7*r**3/3 + 2*r**2 + 3*r - 1270. Let d(m) = -5*n(m) - 6*s(m). Give d(-2).
-1
Let q(d) = -296*d + 5. Let s(c) = -197*c + 4. Let v(i) = 2*q(i) - 3*s(i). Let g = 14 + 0. Let u be 6/21 - (-38)/g. Determine v(u).
-5
Let f = 33075 + -33045. Let g(a) = 23*a - 692. Give g(f).
-2
Let h(a) = -a**3 - 8*a**2 + 9*a - 2. Let f(j) be the first derivative of 2*j**3/3 - j**2/2 - 9*j - 28. Let t be f(0). What is h(t)?
-2
Let w(f) = f**3 - 3*f**2 - 4*f + 4. Let y = 95 - 82. Suppose 11*h - y*h = 2*z - 8, h = -3*z + 4. Determine w(h).
4
Let z(r) = -r**3 + 3*r**2 - r. Suppose -13*k + 34 + 31 = 0. Let u be -2*(36/8 - k). Calculate z(u).
1
Let i = 264 + -261. Suppose 5*s - n - 2 = 0, i*n - 4 = 2*s + 3*s. Let o(v) be the third derivative of v**5/10 - v**3/6 + 4*v**2. Give o(s).
5
Let v(t) = 0 + 2 + 0 + t. Let s be -2 + 1781/(-2) + 90/60. Let z = s + 898. Determine v(z).
9
Let p be 14/4*56/(-98). Let s(b) = -3*b - 1. Let u(v) = -3*v**2 - 15*v - 6. Let h(f) = 4*s(f) - u(f). What is h(p)?
8
Let q(a) = -a**3 - 32*a**2 + 5. Let j(r) = r**2 - 32*r - 137. Let o be j(35). What is q(o)?
5
Let x(w) be the second derivative of -10*w**3/3 - 22*w**2 - 4*w + 45. What is x(-6)?
76
Let h = 5883 - 5887. Let j(l) = -l**2 - 11*l - 26. What is j(h)?
2
Let h(t) = 4*t - 163. Suppose -39*n + 206*n + 97*n = -26*n. Calculate h(n).
-163
Suppose 0 = 4*g + g. Let x(p) be the third derivative of -p**7/2520 + p**5/20 - 7*p**4/24 - 12*p**2. Let i(d) be the second derivative of x(d). Give i(g).
6
Let r(g) = 3*g**2 + 42*g + 3. Let p be (-1)/1 - ((-42)/(-154) + (-560)/(-44)). Give r(p).
3
Let b(a) = -a**2 + 3 + 94*a**3 + 4 - 49*a**3 + 0 - 6. Determine b(-1).
-45
Let v(o) be the third derivative of o**5/60 - o**4/8 - 14*o**3/3 + 2*o**2 + 639*o + 2. Determine v(-7).
42
Let j(t) be the third derivative of t**5/60 - 7*t**4/12 - 2*t**3 - 4*t**2 + 22*t. Let w be j(15). Let o(u) = u**3 - 3*u + 3. Give o(w).
21
Let u(v) = 9*v**2 - 10*v - 21. Let l(y) = 13*y**2 - 9*y - 23. Let w(g) = -2*l(g) + 3*u(g). Give w(14).
11
Let g be 2/22 - (592/(-22) + 10). Let h(t) = t**2 - 18*t + 1. Calculate h(g).
-16
Let y(k) = -k**2 - 11*k + 229. Let x(i) = 6*i**2 + 55*i - 1244. Let d(a) = 2*x(a) + 11*y(a). Give d(12).
43
Let c be 13/(26/(-8)) + 8. Let k(v) = 4*v**2 + 5*v + 3*v**2 - 8*v**2 + 3. Determine k(c).
7
Suppose -3*z = -8*z + 20. Suppose z*l + 22 = 2*l. Let q(h) = h**2 + 10*h - 14. Give q(l).
-3
Let r(d) = 10*d**3 - 5*d**2 - 44*d - 37. Let b(w) = -7*w**3 + 2*w**2 + 30*w + 24. Let t(h) = 7*b(h) + 5*r(h). Give t(12).
7
Let m(z) be the second derivative of 154*z + 0 - 6*z**2 + 1/6*z**3. Give m(13).
1
Let z(w) = w**3 + 5*w**2 - 14*w - 3. Let u = -1385 - -1378. Calculate z(u).
-3
Let u(s) be the first derivative of s**2 + 22*s - 448. Determine u(-7).
8
Let d(h) be the first derivative of h**4/4 + 14*h**3/3 - 15*h**2/2 + 8*h + 3. Let p = -115565 - -115550. Determine d(p).
8
Let w(b) be the second derivative of -5/3*b**3 + 154 - 2*b - b**2. Calculate w(-2).
18
Let h = -161 + 139. Let v be -2*((-4)/h + 87/66). Let n(w) = w**3 + w**2 - 4*w - 3. Calculate n(v).
-9
Let a be 2 + (-6)/9*3. Let b(d) = -195 - 5*d + a*d + 197. Determine b(-5).
27
Let l(a) = -a**3 - a**2 + 3*a + 1. Suppose -5*m - 12*j + 4 = -m, -4*m + 2*j - 10 = 0. Calculate l(m).
-1
Let z(t) = 23*t + 5. Let d(j) = 232*j + 70. Let i(v) = 3*d(v) - 30*z(v). Give i(17).
162
Let n(k) = 2*k**2 + 8*k + 6. Suppose 3*a - 18 - 12 = 0. Suppose 26 = a*v - 94. Let o = v + -17. What is n(o)?
16
Let y(r) = -r**2 + 4*r + 1. Let h = -257 + 300. Let q be 42 + 0 + (-1)/1. Let z = h - q. Calculate y(z).
5
Let c(i) = -19*i + 532. Let y be c(27). Let l(d) = -d**3 + 20*d**2 - 16*d - 11. Determine l(y).
46
Suppose 5*w - 6 = -9*d, 4*d + 4*w - 11 = -19. Let a(o) be the first derivative of 1/4*o**4 - o - 2*o**3 - d*o**2 - 11. Determine a(7).
-8
Let v be (5 - 17)/2 + -2*(0 + -6). Let n = -3 - -5. Let j(p) = 0*p**2 + 7*p - 2*p**n + 6 + 7*p**2 - p**3. What is j(v)?
12
Let l(f) be the second derivative of -f**3/2 - f**2 - 131*f. Let i be -2 + (2 - 1 - (6 - 9)). What is l(i)?
-8
Let p(f) = f - 6. Let h be 12/4 - (1 + -2). Suppose h*r - 16 = 4. Suppose 4*w + 3*j + 43 = 0, 7*j - r*j - 25 = 5*w. Determine p(w).
-13
Let z(d) = d**2 + d + 3. Let b(w) = -2*w**3 - 11*w**2 - 17. Let f(r) = b(r) + 6*z(r). What is f(-4)?
25
Let p(n) be the second derivative of n**5/20 + 13*n**4/6 + 89*n**3/6 + 23*n**2/2 - 444*n. Calculate p(-22).
1
Let u be 9 + (-99)/(-27)*-3 - 2. Let o(b) = -4*b**3 - 11*b**2 + 3*b - 5. Calculate o(u).
63
Let q(p) = 2*p**3 + 30*p**2 - 19*p + 214. Let f be (-11 + (-312)/(-26))*8*-2. Give q(f).
6
Let h(t) = -t**3 + t**2 + t - 17. Suppose 0 = 57*s - 344 + 59. Let q be 0*(-4 + s + 0). Calculate h(q).
-17
Let c(z) = -4*z + 5. Suppose -561 = 12*m - 549. What is c(m)?
9
Let b(d) = -5*d - 80*d**2 + 3*d - 20 + 38*d**2 + d + 43*d**2. Calculate b(-6).
22
Let r(g) = g**3 + 23*g**2 - 30*g - 138. Suppose 0 = -166*v + 168*v + 4*t + 40, 2*v + 60 = 6*t. Calculate r(v).
6
Let h(x) be the first derivative of 4*x**2 - 49*x + 599. Determine h(6).
-1
Suppose 3*w + p = -20, 0 = p - 1. Let h(z) be the third derivative of z**6/120 + z**5/10 - z**4/6 - 7*z**3/6 + 719*z**2. What is h(w)?
-28
Let o(k) be the second derivative of 7*k**4/6 - k**3/3 - k**2/2 + 57*k. Suppose -t - 1 = 5*s, t - 2*s = -2*t - 3. Give o(t).
15
Let j(d) = -5*d**2 + d + 6. Let n(q) = -11*q**2 + 2*q + 13. Let s(b) = 13*j(b) - 6*n(b). Let f be (-4)/8*6 - (0 + -172). Let g = -174 + f. What is s(g)?
20
Let x(l) = 7*l**2 + 64*l + 72. Let v(z) = -15*z**2 - 135*z - 144. Let a(q) = 6*v(q) + 13*x(q). Give a(-4).
0
Let d(t) be the first derivative of -t**6/360 + 3*t**5/40 - 3*t**4/8 + 26*t**3 - 55. Let i(x) be the third derivative of d(x). Calculate i(8).
-1
Let w(m) = 3507*m**2 - 6 + 2 - 3508*m**2 - 8 - 2*m. Calculate w(-5).
-27
Let l(g) = g**3 + 6*g**2 - 9*g - 6. Let b = 207 + -32. Let z = -182 + b. Determine l(z).
8
Let w(r) = r - 8. Let n(j) = -3*j + 23. Suppose 10 = -2*d - 5*u, -5*u - 8 = d + 2. Suppose -4*t - 15 + 47 = d. Let a(s) = t*w(s) + 3*n(s). Calculate a(5).
0
Suppose 4*q + 104 + 40 = 0. Let f be (-63)/q + ((-10)/8)/(-5). Suppose -5*w - 2*j + 2 = 24, -f*w = 3*j. Let g(x) = -3*x - 9. Give g(w).
9
Let y(v) = 7*v + 134. Let h(n) = 4*n + 60. Let f(q) = -7*h(q) + 3*y(q). Determine f(-5).
17
Let r(w) = -63*w - 3372 + 3427 + 59*w. Determine r(21).
-29
Let z be ((-2)/(-3))/(11/231). Let u(t) = -t**2 + 11*t + 59. Give u(z).
17
Let j = 44 + -40. Let t(x) = 0*x + x**2 - 6*x + j + 0*x + 8*x. Give t(-6).
28
Let u(c) = -c + 1. Suppose 7 = 3*m + 4*o, -m + 2 = o - 0. Suppose 2*b - 3*b - 54 = 0. Let i be (-6)/b*-3*(m + 5). Give u(i).
3
Let p(f) = -25 + 11 + 23 + 6*f. Let z = -3150 + 3147. What is p(z)?
-9
Let d(q) be the second derivative of 9*q**5/10 + q**4/6 + 12876*q. Determine d(1).
20
Let k(l) = 41*l + 29. Let a be k(3). Let s(m) = 303*m - 151*m - a*m + 2 - m**2. Calculate s(2).
-2
Let h(v) be the first derivative of -v**3/3 - 7*v**2/2 - 14*v - 8175. Suppose -29 = 5*a + 1. Calculate h(a).
-8
Let o = -1078 + 1069. Let v(w) = 2*w**3 + 16*w**2 - 18*w + 10. What is v(o)?
10
Let p(i) = -18*i**3 - 1. Suppose -2*w + 3*w = -3*t + 154, 3*w = t + 432. Suppose 0 = 5*g + 5*b + w, -g - g = -5*b + 79. Let j = 33 + g. Determine p(j).
-19
Let j(m) be the second derivative of 1/12*m**4 + 233*m + 2*m**2 + 0 - 4/3*m**3. What is j(6)?
-8
Let f(z) be the first derivative of z**2/2 - z - 2. Let o(l) = 435*l - 430. Let j be o(1). Determine f(j).
4
Let k(o) = -35*o + 4 - 37*o + 85*o + 4*o**2 - 17*o + 6. Determine k(4).
58
Let p(x) = 984 - 7*x**3 + 3*x**2 - 980 - 14*x**3 + 23*x**3. Wha